+ 4*z - 4. Let t = 113 - 98. Let x be 42/10 - 3/t. Determine w(x).
-4
Let y(c) = 5*c + 80 - 30 - 24 - 21. Calculate y(-4).
-15
Let v be 2*(-2)/(-6)*(-201)/(-67). Let z(a) = a - 5. Calculate z(v).
-3
Let n be (-8 + 3)*(-1)/(-5)*-1. Suppose -5*u + 30 = 4*x, u + u - 29 = -5*x. Let p(s) = 1 + 2*s + 8*s + 2*s - u*s. What is p(n)?
11
Suppose 4*s = -5*a + a - 4, 3*a = -2*s. Let l(y) = 21*y**a - 4*y**2 - y**3 - 2*y + 1 - 11*y**2. Suppose -k - 4 = -3*u + 13, 0 = -2*u + 3*k + 9. Calculate l(u).
-11
Let b(i) = -i - 3. Let f(s) = s**3 + 4*s**2 - 8*s - 4. Let y be f(-4). Suppose -5*c = -c - y. Suppose -7 = -2*h + c. Calculate b(h).
-10
Let b(d) = 1. Let k(t) = 3*t - 2. Let q = 11 - 7. Suppose f + 3 = 2*x, x = 3*f + q*x. Let z(u) = f*k(u) + 3*b(u). Give z(6).
-13
Let l(f) = -f + 12. Let j = 24 - 20. Calculate l(j).
8
Let d(a) = -2*a**3 - 3*a**2 + 7*a + 17. Let v(w) = -w**3 - w**2 + 3*w + 8. Let u = -17 - -13. Let b(o) = u*d(o) + 9*v(o). Calculate b(3).
1
Let t(w) = -w**3 - 12 + 2 + 7 + 3*w - 1 + 2*w**2 + 5. Suppose -2 = 3*m + 4. What is t(m)?
11
Let x(d) be the third derivative of 23*d**5/60 + 49*d**2 + 1. What is x(1)?
23
Suppose 0 = 4*l - 3*l + 2*s, 0 = -3*l - 5*s. Let n(y) = 5*y**3 - 18 - 6*y**3 + 10 + 5 - y**2. Determine n(l).
-3
Suppose 0 = -49*d - 170 + 23. Let n(m) = -m**2 + 3*m - 2. What is n(d)?
-20
Let c(t) be the third derivative of t**6/120 + 2*t**5/15 + t**4/24 + t**3/2 - 11*t**2. Suppose 44 = -3*j - 5*g, 7*j - 3*g + 28 = 2*j. Determine c(j).
-5
Let k(l) = -4955 + 0*l + 4945 + l. Calculate k(12).
2
Let x be ((-9)/(-12))/(24/64). Let k(p) = -p**3 + 0*p**x - 3*p + 2 - 5*p**2 + 0*p + 0*p. What is k(-4)?
-2
Let o(f) = 11*f**3 + 12*f**2 - 25*f - 5. Let p(s) = -5*s**3 - 6*s**2 + 12*s + 2. Let i(c) = 4*o(c) + 9*p(c). What is i(-7)?
-9
Let t(f) = -f**3 - f**2 - 3*f + 2. Let p(o) = 7*o**3 + 27*o**2 + 17*o - 25. Let v(z) = p(z) + 6*t(z). Calculate v(-21).
8
Let y = 35 - 39. Let h(w) = w**2 - 3*w + 6. Let i(r) = -r. Let o(t) = y*i(t) - h(t). Determine o(6).
0
Suppose -5 = -3*c + 1. Suppose -3*s = -5*j, 2*j - 31 = -c*s - 3*s. Let o(w) = w**2 - 5*w + 1. What is o(s)?
1
Suppose 4*i + 144 = 4*f, 2*f + 3*f = i + 176. Suppose -4*c + 20 = 2*j + c, 5*j = -5*c + f. Let k(t) = -6*t - t**3 + 2 + 6*t**2 + 3 + 0*t**3 + j*t. What is k(6)?
-1
Let r be (-6)/(-63)*-3*-14. Let y(n) = -n**2 + 5*n + 1. Determine y(r).
5
Let b = 17 - 41. Let n be 4*4*b/(-32). Let p = n + -11. Let i(w) = -11*w - 1. Calculate i(p).
-12
Let h = -18 - -10. Let q = 1 + h. Let d(n) = n + 7. Give d(q).
0
Let x = 14 - 11. Let p be 64/14 + 27/63. Let u(q) = -p*q**2 + 0*q + q + 6*q**2. Give u(x).
12
Let t be (-76)/4 - (5 - 2). Let y = -32 - t. Let z = -11 - y. Let k(j) = 2*j. What is k(z)?
-2
Let a = 5002 - 5004. Let f(x) be the second derivative of -x**3/6 - x**2/2 - 2*x. Give f(a).
1
Suppose -5*g - 5 = -2*n + 15, -18 = -4*n - g. Suppose -n = 5*b - 15. Let y(z) = -b*z**2 - z**3 - 6*z**2 + 2*z + 5*z**2. What is y(-3)?
-6
Let t(b) = -b**3 - 7*b**2 - 6*b - 1. Let y = -81 - -83. Let z be (y - 1)/((-9)/216*4). Determine t(z).
-1
Suppose -y + 0*y = -3. Suppose -k - 3*z - y = 0, 0*z + 13 = 5*k + z. Let s(l) = 4*l**2 - 5*l**2 - 273 + 274. Calculate s(k).
-8
Let u(r) = 60 - 51 + 8*r**2 - 6*r - 7*r**2. What is u(3)?
0
Let m(j) = -j**2 - j + 2*j**3 + 3 - 5 - 5*j**2 + 4*j**2. Let y = 4 - 5. Let c = 3 + y. Calculate m(c).
4
Suppose 18 = a + 2*b, -43*b + 42 = 5*a - 45*b. Let v(w) = -2*w + 20. What is v(a)?
0
Let y be (-4)/(0 - (2 + 0)). Let u(i) = -78*i + 42*i + 1 - 3*i**2 - 2 + 39*i. Give u(y).
-7
Let q = 13 + -16. Let y(p) = p**2 + 5*p - 6. Let f be y(-6). Let x(l) = 0*l**2 - 3*l**2 + 2*l - l**3 + 1 + f*l**2 - 3. What is x(q)?
-8
Let g(d) = 3*d**2 - d - 1. Let q be ((-138)/(-92))/(1/2). Let t = 6 - -3. Suppose 5*n + 0*a + 25 = -5*a, a = -q*n - t. What is g(n)?
13
Suppose 6 = -2*i + 76. Suppose -6 = -i*j + 37*j. Let t(z) = -3*z. Give t(j).
9
Let o(d) = d - 3. Let n(w) = -3*w + 10. Suppose -14*x + 20 = -10*x. Let a be n(x). Calculate o(a).
-8
Suppose -16 = 4*f, -4*s - 1 - 15 = 4*f. Suppose s = -0*a - 4*a + 4. Suppose -2*d = -2*z - a - 3, -2*z = 2*d - 16. Let y(i) = i**3 - 3*i**2 - 6*i - 7. Give y(d).
13
Let w be 9 + 9 - (1 + -1*2). Let t(c) = -6 - 9*c**2 - w*c - c**3 + 10*c - c**2. What is t(-9)?
-6
Let p(k) = -k + 2. Let s(j) = 2*j + 7. Let h(y) = 5*p(y) + s(y). Give h(7).
-4
Let h(x) = -2*x + 21. Let j(w) = 2*w - 19. Let s(p) = 4*h(p) + 5*j(p). Calculate s(8).
5
Let t(z) = -176*z**3 + 2*z**2 + 2 - 6*z + 5 + 177*z**3 + 3*z**2. What is t(-6)?
7
Suppose 2*x - 3 - 1 = -2*d, 2*x = 5*d + 32. Suppose -j + 4*j - x = 0. Let t(v) = -3 + 5 + 20*v - 22*v. Determine t(j).
-2
Let c(s) = 2*s**3 + 8*s**2 - 7*s - 2. Let y(a) = a**2 - a. Let i(q) = -c(q) + 6*y(q). Suppose o - 1 + 3 = 0. Calculate i(o).
8
Let g(m) be the second derivative of m**3/3 + 6*m**2 - 155*m. Determine g(-2).
8
Let v = 5 - 6. Let z(y) = -116*y + 0 + 346*y - 111*y + 1 - 118*y. Give z(v).
0
Suppose -4*v - 5*k + 27 = 0, -v = 3*v - 5*k + 3. Let w be (-5)/(-30)*-4*v. Let m(y) be the third derivative of y**5/15 + y**4/8 + y**3/6 - y**2. Calculate m(w).
11
Let o(p) = -p**2 - 6*p + 7. Let l(z) = 2*z**2 + 5*z - 8. Let v(b) = 2*l(b) + 3*o(b). What is v(9)?
14
Let c(t) = -2 + 871*t**2 - t**3 - 446*t**2 - 434*t**2 - 7*t. Give c(-8).
-10
Let o(b) = -b + 1. Let s be 256/48*33/(-4). Let j = 45 + s. Give o(j).
0
Let k(n) = n**3 + 11*n**2 - 13*n - 7. Let j(b) = -b**3 - 5*b**2 + 6*b + 3. Let h(u) = 9*j(u) + 4*k(u). Let v = -37 - -38. Determine h(v).
-5
Let b(u) = u**3 + 11*u**2 - 14*u - 14. Let h be b(-12). Let d(o) = -o**3 + 11*o**2 - 13*o + 17. Calculate d(h).
-13
Let o be -6*((-5)/(-6) + -1). Let u(k) = -o + 0 - k**2 - 8*k + 1 - 3. Let m = -20 - -16. Determine u(m).
13
Suppose -10*v = -83 + 93. Let t(w) = 5*w. Let s(n) = 41*n. Let i(k) = 6*s(k) - 51*t(k). Give i(v).
9
Let t(y) = -3*y + 12. Let i(u) = -10*u + 38. Let c(m) = 2*i(m) - 7*t(m). Suppose -4*o + 5 = 1. Let h(f) = -1. Let j(l) = o*c(l) + 3*h(l). Give j(9).
-2
Let y(i) = i**2 + 4*i - 2. Let r(x) = x**3 - 4*x + 6*x + 3 + 0*x**3 - 2 + 4*x**2. Let c be r(-3). Suppose o + 18 = -4*o + u, o - c*u = 4. Give y(o).
-2
Let c(f) = 5*f**2 + 56*f + 16. Let k be c(-11). Let q(a) = a**3 - 6*a**2 + 8*a - 3. Calculate q(k).
12
Let h(p) = -69*p**2 + 114*p**2 - 46*p**2 - 14*p. Give h(-13).
13
Let i(j) = 11*j**2 + 4*j + 2. Let n be (5 + (4 - 15))/3. Determine i(n).
38
Let c be 3/(-6) + 22/(-4). Let p(h) = 7*h + 7. Let v(m) = m + 1. Let u(d) = p(d) - 6*v(d). What is u(c)?
-5
Let o = -23 + 25. Suppose o*s + 16 = 5*i - 2*i, -4*s - 28 = -4*i. Let t(g) = -g**3 - 6*g**2 - 6*g + 5. Determine t(s).
10
Let b(a) = a - 1. Let i(p) be the third derivative of -p**4/4 + 13*p**3/6 + 33*p**2. Let w(m) = 5*b(m) + i(m). Give w(4).
4
Let k(i) = -i**3 - 3*i**2 + 4*i + 3. Suppose 0*w + 6*w = 0. Suppose 4*u = -16, 4*c - 5*u = -w*c + 12. Calculate k(c).
-9
Let t be -1*32/(-3 + -1). Let f(c) = 5*c**2 - t + c - 10*c - 6*c**2 + 1. What is f(-8)?
1
Suppose 11*c = 7*c - 12. Let p(i) = 2*i**2 + 4*i + 4. Let s(w) = -w**2 - w. Let r(u) = -p(u) - 3*s(u). Determine r(c).
8
Let u(y) = y**2 - 10*y + 11. Let z(a) = 4*a**2 - 31*a + 33. Let x(l) = 7*u(l) - 2*z(l). Determine x(-10).
-9
Suppose -y - 3*h + 13 = 0, -5*y + 3*h = 2*h - 1. Let n(l) = 27*l**2 - 32*l**2 - 1 + 7*l**2 - 13*l**3. Calculate n(y).
-12
Let l(o) = 2*o + 4. Let h(y) = y**3 + y**2 + 2*y + 5. Let p be h(0). Suppose -p + 17 = -3*g. Determine l(g).
-4
Let o(z) = -z**3 + 4*z**2 + 5*z + 2. Suppose -68*d + 325 = -83. Calculate o(d).
-40
Let h(v) = -v**3 + 4*v**2 + 3. Let s be h(3). Let x(b) = -b**2 + 18 - s - 11 - 5*b. Determine x(-6).
-11
Let d(f) = -2*f - 36 + 102 - 37 + 0*f - 40. What is d(-4)?
-3
Suppose 0*f = 5*f - 90. Let m(d) = 0*d**2 + f + 4*d**2 - 15 + 4*d + d**3. Determine m(-2).
3
Let f(r) be the third derivative of -3*r**5/20 + r**3/2 - r**2 + 724*r. Give f(2).
-33
Suppose 3*v + 14 + 1 = 0. Let d(x) = 2*x - 29. Let g be d(16). Let l(o) = g*o - 7*o - o**2 + 4*o - 3*o + 3. Calculate l(v).
-7
Let f(u) = u**2 + u - 1. Let a(o) = -o**2 - 14*o + 10. Let h(w) = a(w) + 2*f(w). Determine h(8).
-24
Let t(c) = 4472*c + 2 + 2 - 4477*c. Determine t(-2).
14
Let w(s) be the first derivative of -s**6/360 + s**5/120 + s**4/8 - 11*s**3/3 - 4. Let d(f) be the third derivative of w(f). Determine d(0).
3
Let h(v) = v